 d(926).
-1
Let y(j) = 5*j**2 + 38*j - 1042. Calculate y(0).
-1042
Let u(y) = -3*y**2 - 28*y - 316. Determine u(-21).
-1051
Let k(u) = -131*u + 7278. What is k(51)?
597
Let d(g) = 5*g**2 + 85*g + 1148. Give d(-18).
1238
Let l(k) = 2516*k**2 - 17487*k + 28. What is l(7)?
903
Let x(c) = -4*c**3 - 19*c**2 + 111*c - 134. What is x(-8)?
-190
Let m(z) = z**2 - 297*z + 13148. Calculate m(54).
26
Let r(n) = 3799*n - 22833. Determine r(6).
-39
Let j(k) = -k**3 - 13*k**2 + 25*k + 257. Determine j(-6).
-145
Let w(v) = v**3 - 80*v**2 + 181*v - 8280. Determine w(79).
-222
Let f(g) = -4036*g**3 - 30*g**2 - 13*g + 43. Determine f(1).
-4036
Let u(o) = 3*o**2 - 159*o - 5043. Give u(-27).
1437
Let b(x) = 2*x**2 + 81*x - 483. Determine b(10).
527
Let y(p) = 11*p**2 + 261*p - 591. Determine y(-26).
59
Let f(x) = -6*x**2 - 124*x + 6567. Determine f(-45).
-3
Let z(j) = -4964*j - 660211. What is z(-133)?
1
Let d(w) = -305*w**2 + 1839*w - 53. Determine d(6).
1
Let b(h) = -13*h**2 - 20*h + 27. Calculate b(2).
-65
Let o(f) = f**3 + 14*f**2 + 2476*f + 16991. What is o(-7)?
2
Let u(q) = q**2 + 113750*q - 1251456. Calculate u(11).
-85
Let z(d) = 24*d + 2607. Determine z(24).
3183
Let i(r) = -2121*r + 10570. Determine i(5).
-35
Let k(o) = 475473*o + 3328303. Give k(-7).
-8
Let t(m) = -3*m**3 + 65*m**2 + 11630*m - 866. Determine t(74).
22
Let s(t) = -t**3 - 57*t**2 - 406*t - 751. Give s(-5).
-21
Let b(x) = x**3 + 836*x**2 + 1181*x + 288912. Calculate b(-835).
2
Let t(a) = 5169*a + 1447242. What is t(-280)?
-78
Let w(y) = 94*y**2 - 8737*y + 16649. Determine w(91).
-4
Let x(u) = -2*u**3 + 88*u**2 + 803*u - 30. What is x(-8)?
202
Let m(w) = -w**3 - 54*w**2 - 55*w - 2851. What is m(-54)?
119
Let g(u) = 1322*u - 6655. Give g(7).
2599
Let g(u) = -u**3 - 175*u**2 - 855*u - 17. Determine g(-5).
8
Let y(v) = 712*v + 90490. Calculate y(-127).
66
Let h(m) = -74*m**3 + 77*m**2 - 75*m - 2. Determine h(1).
-74
Let z(r) = 1477*r + 41384. Determine z(-28).
28
Let d(b) = -138*b**2 + 521*b + 664. What is d(-1)?
5
Let f(h) = 3*h**3 + 23*h**2 - 72*h - 206. Give f(-2).
6
Let w(g) = 7*g**2 - 4323*g - 43470. Calculate w(-10).
460
Let h(m) = 57*m**2 + 199*m - 13. Give h(-3).
-97
Let a(u) = 332*u**3 + 1993*u**2 + 10*u + 40. Give a(-6).
16
Let i(s) = -5*s**2 + 51*s + 2554. What is i(-18)?
16
Let f(q) = 3*q**3 - 5*q**2 + 3649*q - 14600. Determine f(4).
108
Let g(f) = 32056*f + 224373. Calculate g(-7).
-19
Let g(h) = -3*h**3 + 77*h**2 - 135*h + 307. Give g(24).
-53
Let u(i) = 214*i + 8482. Calculate u(-39).
136
Let d(a) = 4*a**3 + 37*a**2 + 192*a - 80. What is d(-9)?
-1727
Let d(u) = -24*u**3 - 6*u**2 - 19*u - 5. Calculate d(-3).
646
Let y(w) = 7*w**3 - 608*w**2 - 76*w - 1053. What is y(87)?
-96
Let c(b) = -b**2 + 1517*b + 88092. What is c(-56)?
4
Let p(n) = 2442*n + 527398. Give p(-216).
-74
Let a(j) = -3*j**2 - 1418*j - 51920. What is a(-40)?
0
Let d(t) = -7*t**3 - 15*t**2 + 12043*t + 24087. Calculate d(-2).
-3
Let z(y) = 2*y**3 - 4*y**2 + 51*y - 408. Calculate z(5).
-3
Let m(r) = -2435*r - 9898. Calculate m(-4).
-158
Let p(f) = -1012*f + 252. Calculate p(0).
252
Let x(t) = t**3 - 132*t**2 - 1262*t + 104. What is x(-9)?
41
Let u(j) = 41*j**2 - 25*j - 103. Calculate u(0).
-103
Let z(j) = -2*j**3 + 18*j**2 - 54*j + 350. Give z(0).
350
Let x(b) = -2*b**3 + 74*b**2 + 204*b + 1457. Calculate x(40).
17
Let y(g) = -5*g**3 - 98*g**2 + 41*g + 22. Determine y(-20).
2
Let a(r) = -362*r**3 + 7*r**2 + 80*r + 74. Give a(-1).
363
Let s(x) = 2*x**3 - 283*x**2 - 1019*x + 717. Give s(145).
137
Let z(d) = -22*d**2 + 41344*d - 82694. Determine z(2).
-94
Let y(p) = -2*p**2 + 3429*p - 20468. What is y(6)?
34
Let i(n) = n**3 + 8*n**2 - 378*n + 46. Determine i(16).
142
Let m(s) = s**3 - 16*s**2 + 17*s - 19. Calculate m(13).
-305
Let f(s) = 8*s**2 - 2375*s - 38274. Calculate f(-16).
1774
Let d(c) = -68*c**2 - 8469*c + 3872. Calculate d(-125).
-3
Let c(u) = -35682*u**2 + 356820*u - 1. Give c(10).
-1
Let d(h) = -225*h**2 - 6301*h - 59. Give d(-28).
-31
Let m(s) = -137*s + 886. Give m(9).
-347
Let h(g) = -g**2 - 1591*g - 147685. Calculate h(-99).
23
Let i(b) = -12*b**3 + 502*b**2 - 4861*b - 2054. Determine i(26).
0
Let t(k) = -4*k**3 - 24*k**2 + 161*k + 60. What is t(-10)?
50
Let u(z) = 240162*z - 2161444. Calculate u(9).
14
Let q(f) = 2261*f + 255502. Calculate q(-113).
9
Let l(r) = r**2 - 9*r - 1212. Give l(-31).
28
Let l(p) = -23*p**2 - 686*p - 1240. Give l(-2).
40
Let a(i) = -6370*i + 52. Calculate a(0).
52
Let x(q) = -2*q**3 + 1914*q**2 + 1706*q + 201159. Calculate x(958).
-21
Let b(a) = 73*a**2 - 134*a - 207. Determine b(3).
48
Let v(r) = 54*r**2 + 1058*r - 415. Give v(-20).
25
Let c(l) = -291*l + 4716. What is c(16)?
60
Let v(b) = 2*b**2 - 3551*b - 78806. Calculate v(-22).
284
Let r(g) = -755*g**3 - 6797*g**2 - 30*g - 7. Calculate r(-9).
101
Let x(c) = 122*c + 10775. What is x(-91)?
-327
Let i(n) = -317*n**2 + 19969*n + 113. What is i(63)?
-13
Let z(c) = -2*c**3 - 63*c**2 - 471*c - 35. What is z(-20)?
185
Let q(l) = 7*l**2 + 9738*l - 3438371. Calculate q(-1683).
-2
Let x(k) = -62517*k + 2813276. Give x(45).
11
Let q(f) = -76*f**2 - 39*f + 50. Determine q(2).
-332
Let l(t) = -4962*t - 1925247. Determine l(-388).
9
Let i(h) = -h**3 + 205*h**2 + 1043*h + 1512. What is i(210)?
42
Let w(d) = 113*d**3 + 71972*d**2 - 5730*d + 1914. Calculate w(-637).
3
Let p(g) = 216*g - 39530. What is p(183)?
-2
Let r(l) = -27*l**2 - 23*l - 275. Give r(4).
-799
Let i(k) = 4*k**2 - 798*k + 33144. Give i(59).
-14
Let s(p) = -2*p**2 + 472*p - 15996. Give s(41).
-6
Let y(r) = 137*r + 2277. What is y(-12)?
633
Let d(f) = 5*f**3 - 281*f**2 + 1421*f - 13. Determine d(5).
692
Let a(g) = 127174*g + 3688039. Give a(-29).
-7
Let r(m) = -1958*m - 2112. Calculate r(-1).
-154
Let n(d) = 13*d**2 + 34*d - 295. Determine n(9).
1064
Let t(m) = -24*m**2 + 1776*m + 39. Give t(74).
39
Let p(q) = 131*q - 864. Give p(13).
839
Let a(p) = 17910*p + 6250597. Give a(-349).
7
Let h(v) = 157647*v + 5990573. Give h(-38).
-13
Let z(l) = -5*l**2 + 606*l - 6341. Determine z(109).
308
Let j(f) = 359*f + 15413. What is j(-43)?
-24
Let u(k) = 5*k**2 + 945432*k + 4727041. Determine u(-5).
6
Let h(d) = 3*d**2 - 148*d + 1813. Calculate h(33).
196
Let i(p) = -10*p**3 - 980*p**2 + 41*p + 4019. What is i(-98)?
1
Let c(h) = -1369*h - 7354. Determine c(-5).
-509
Let w(g) = 352484*g + 352490. What is w(-1)?
6
Let g(a) = a**3 + 115*a**2 - 6402*a + 244. What is g(41)?
-2
Let h(g) = g**3 - 39*g**2 - 73*g - 41. Determine h(41).
328
Let w(z) = 77*z + 540. Give w(-19).
-923
Let u(j) = -1570253*j - 12562024. Calculate u(-8).
0
Let o(i) = 41*i**2 + 4736*i + 2419. What is o(-115)?
4
Let m(z) = -229*z**2 + 32972*z + 576. Determine m(144).
0
Let c(i) = -119*i**3 + 2*i**2 + 8526*i + 8523. Determine c(-1).
118
Let o(d) = 2*d**3 + 543*d**2 + 1879*d + 722. What is o(-268)?
-82
Let q(p) = -p**3 + 114*p**2 - 1026*p - 1390. Give q(104).
66
Let t(q) = -q**2 - 497*q - 3896. What is t(-8)?
16
Let p(t) = -45845*t + 229197. What is p(5)?
-28
Let u(y) = -2921*y + 14040. Determine u(5).
-565
Let q(d) = -5*d**2 - 2436*d - 14662. What is q(-6)?
-226
Let q(n) = -1320*n**2 - 526*n - 526. Determine q(-1).
-1320
Let f(u) = 29596*u - 562333. Give f(19).
-9
Let o(d) = 2*d**2 + 18143*d + 11273471. Give o(-671).
0
Let k(s) = 16*s - 1248. What is k(-11)?
-1424
Let a(q) = -q**2 + 7610*q - 400589. Give a(53).
-68
Let u(z) = 7*z**3 - 35*z**2 + 77*z - 746. What is u(6)?
-32
Let u(m) = -2*m**3 - 80*m**2 + 601*m - 2645. What is u(-47)?
34
Let a(i) = -i**3 - 16*i**2 + 1088*i + 21021. Give a(-22).
-11
Let c(y) = -3113*y + 58970. Calculate c(19).
-177
Let l(x) = 4*x**2 - 2484*x + 22052. Give l(9).
20
Let v(x) = -1320*x - 22768. Give v(-17).
-328
Let t(v) = 125*v + 298. Calculate t(4).
798
Let d(t) = 15055*t - 15082. Determine d(1).
-27
Let p(n) = 1602*n - 19344. Determine p(12).
-120
Let r(x) = x**3 + 2*x**2 - 408*x + 2784. Determine r(9).
3
Let d(f) = 61*f**2 - 9174*f + 3588. Calculate d(150).
-12
Let v(k) = -55*k**3 - 5*k**2 + 1253*k - 2506. What is v(2)?
-460
Let q(y) = -y**2 + 725*y + 12617. Give q(-17).
3
Let b(o) = 5*o**2 - 609*o + 4593. Calculate b(8).
41
Let p(y) = y**3 - 11*y**2 + 135*y - 1492. Determine p(11).
-7
Let c(v) = -88426*v - 6720360. Determine c(-76).
16
Let j(b) = 5*b**3 - 103*b**2 + 20*b - 593. Determine